-x**4/24 + 2*x**3/3 + x**2/2 + 2. Let v(r) be the second derivative of j(r). Calculate v(4).
0
Let r(z) = z - 1. Suppose -5*c = -3*c + 10. Give r(c).
-6
Suppose -3*b + b = -4*k + 16, -4*k = 5*b - 16. Let l be 8 - (-3 + 2 + 3). Let g = k - l. Let t(a) = a**3 + a**2 - 2*a + 1. Determine t(g).
1
Let x(n) be the second derivative of -n**5/20 + 5*n**4/12 + 7*n**3/6 + 2*n**2 + 40*n. Determine x(6).
10
Let l(v) = -v - 5. Let x be (1/(-2))/(4/(-72)). Let w be ((-6)/8)/(x/72). Give l(w).
1
Let y(t) = -4*t - 107*t**3 + 108*t**3 - 5 + 2 + 5*t**2. Calculate y(-6).
-15
Let o(d) = 2*d**2 - 3*d - 3. Let a be -2 - (-2 - (-3 - -3)). Let b(z) = z**3 + 7*z**2 - 7*z + 11. Let n be b(-8). Let t = n - a. What is o(t)?
6
Let i(x) = 3*x. Let t be 10/(-14) + (-2)/7. Determine i(t).
-3
Let z be (-189)/(-36) + (-1)/4. Let p be 114/27 - 2/9. Let l(t) = -z - p*t + 6 - 3*t**2 - t**3 - 3*t**2. What is l(-5)?
-4
Let x(f) be the third derivative of -f**4/8 - f**3/6 - 35*f**2. Calculate x(2).
-7
Let m = 5 - 5. Let d(b) = m + 8*b - 9*b + 2. What is d(4)?
-2
Let z(d) = 8*d + 1. Suppose 5*i - 2 = 3. Let u be 5 + (3/i)/(-3). Let a be (u/6)/((-12)/18). Determine z(a).
-7
Let x(h) = h - 2. Let v = 4 - 10. Let f = v - -4. Determine x(f).
-4
Suppose -3*k = -8*k - 15. Let u(o) = -9*o - 4. Let z(s) = -10*s - 5. Let n(i) = -6*u(i) + 5*z(i). Give n(k).
-13
Let l(i) = -3*i**3 + 6*i**2 + 5*i - 2. Let p(v) = -v**3. Let r(d) = -l(d) + 4*p(d). What is r(-4)?
-10
Suppose -t + 5*a = 4, -2*a + 6*a - 26 = -3*t. Let j(g) = -g. Let i(p) = -11*p - 1. Let v(u) = t*j(u) - i(u). Suppose 5*b + 15 - 5 = 0. Determine v(b).
-9
Suppose 0 = 4*n - 9*n + 5. Let d(h) = 0 + 0 + 5*h - 12*h. Give d(n).
-7
Let p(r) = 5*r - 35. Let x(k) = 3*k - 23. Let d(m) = -5*p(m) + 8*x(m). Determine d(-8).
-1
Let h(g) = -g + 1. Let d(i) = -i + 4. Let b be d(-3). Suppose 0 = -2*n + b*n + f - 31, 3*f = -4*n + 27. Calculate h(n).
-5
Let u = 56 - 52. Let l(g) = g**2 - 3*g - 1. Calculate l(u).
3
Let f = 23 + -10. Let o(j) = 3*j - 6*j + 2*j + f + 0*j. What is o(6)?
7
Let b = -24 + 48. Suppose 4*r = -0*r - b. Let d(a) = -7*a**2 - 7*a - 13. Let g(p) = 20*p**2 + 21*p + 38. Let v(n) = r*g(n) - 17*d(n). Determine v(-5).
3
Suppose 3*w = 5*w - 12. Let p(z) = z**3 - 7*z**2 + 5*z + 4. What is p(w)?
-2
Let k(z) be the third derivative of z**5/30 - z**4/8 - z**3/2 - 2*z**2. Calculate k(3).
6
Let m(i) = i**2 + 2*i + 1. Let j be m(-1). Let h(r) = -r**3 - r**2 - 1. Give h(j).
-1
Let z(l) = l**3 + l + 2. Let k(g) = -3*g**2 + 4*g + 4. Let h be k(2). What is z(h)?
2
Suppose b + 5 = -4*b - 5*m, 3*m = -9. Let h(u) = 3*u**3 + u**2 + 3 - 2*u**3 - 4*u**2 - b*u**2 - 7*u. Give h(6).
-3
Let p(i) = 2*i - i**3 + 3*i**3 - 3*i. Let w(n) = 3*n**3 - n**2 - n + 1. Let g(d) = d - 3. Let c be g(0). Let h(a) = c*w(a) + 5*p(a). What is h(-3)?
3
Suppose -6*c = -3*c. Let r be 1/(-4) - (-50)/8. Let f(w) = w - w**3 - 4*w - r + c + 3 + 5*w**2. Determine f(4).
1
Let u = -521 + 516. Let v(q) = 7*q**3 + 12*q**2 + 8*q - 19. Let b(g) = -4*g**3 - 6*g**2 - 4*g + 10. Let n(y) = -5*b(y) - 3*v(y). Calculate n(u).
2
Let d(l) be the first derivative of -l**2/2 + 7*l - 23. Let f be (9/2)/((-6)/(-8)). Give d(f).
1
Let r(a) = a - 4 + a - 3*a. Let d be r(-4). Let f(q) = q**2 - 7. Give f(d).
-7
Let w(t) = -t**2 + 6*t - 4. Suppose z + 4 = k + k, 4*z - 4*k - 4 = 0. Let q be w(z). Let g be 0*((-10)/q - 2). Let u(a) = a - 6. Calculate u(g).
-6
Let s(b) = 2*b - 3. Let d(z) = 3*z - 7. Let j(q) = 4*d(q) - 9*s(q). Suppose 11 - 13 = 2*u. Give j(u).
5
Let w(h) = h**2 - 2*h - 5. Let z(t) = 4*t**2 - 2*t - 1 - 4*t**2 - 4*t**3 - 2*t**2 + t**2. Let o be z(-1). Give w(o).
3
Let f(u) = -13 + 45*u + 4 - 44*u. Suppose 8*y = 3*y. Give f(y).
-9
Let s(w) = 10*w - 1. Let m(i) = 5*i - 1. Let c be m(-1). Let r be (4/c)/(16/(-24)). Determine s(r).
9
Let q(k) = -23*k**2 + 25*k**2 - 9 + 2*k**3 - k + 3 - k**3. Give q(0).
-6
Let i be (-1 - (-2 + 1))*1. Suppose -2*c - 20 = -6*c, 4*a - 5*c = -5. Suppose p + a = -i*p. Let h(n) = n**3 + 4*n**2 - 5*n. Calculate h(p).
0
Suppose 5*t - 1 = -5*w + 24, -2*t - 4 = -5*w. Let v(j) = -3 - j + 4*j - t*j - j. Calculate v(-3).
0
Let s(p) = p - 3. Let u be s(4). Let y(t) = -2*t**2 - 2*t - 3. Let n(c) = -c**3 + 9*c**2 + 9*c + 13. Let q(v) = 2*n(v) + 9*y(v). What is q(u)?
-3
Let c = 12 - 8. Let t = 3 - c. Let i(w) = 1 - 46*w + 0 + 50*w. What is i(t)?
-3
Let c = 54 - 51. Let b(q) be the third derivative of 1/60*q**5 - 1/6*q**4 - 7/6*q**c + 0 + 3*q**2 + 0*q. What is b(5)?
-2
Suppose 0*j + 16 = -2*j + 2*t, -4*j - 68 = 5*t. Let v = j - -16. Let a(y) = y**2 - 5*y + 3. What is a(v)?
-1
Let x(u) = -3*u + 5. Let z = 5 - 1. Suppose 0 = l - z. What is x(l)?
-7
Let w(s) = 6*s**2 + s + 1. Let t = -31 - -30. Determine w(t).
6
Let z(d) be the first derivative of -3*d + 3 + 1/2*d**2. What is z(2)?
-1
Let q(g) = -g**3 - 8*g**2 - 4. Suppose 7 = -2*z + 3. Let x be -1*(12 + 8/z). Calculate q(x).
-4
Let q(v) be the second derivative of v**5/20 - v**4/12 - v**3/6 + 7*v**2/2 - v. Give q(0).
7
Let w(u) = u**3 - 6*u**2 + 5*u + 3. Suppose -2 = -3*c + 10. Suppose h - 3 = -2*x, x = c*h - 2*x - 45. Let r be -3*(-1)/(h/15). Give w(r).
3
Let j(r) be the first derivative of -r - 1 - 1/2*r**2 + 1/2*r**3. Let t(l) be the first derivative of j(l). Give t(-1).
-4
Let i(c) = 7*c**2 - c - 6. Let z(b) = 6*b**2 - b - 5. Let x(f) = -5*i(f) + 6*z(f). Determine x(3).
6
Let n(y) = -y**2 + 2*y + 3. Let j be n(3). Suppose 2*z + j*z = 0. Let v(b) be the third derivative of -b**6/120 - b**4/24 - 4*b**3/3 - 10*b**2. Give v(z).
-8
Suppose -3*g - 5*o - 7 = 0, 4*g = 2*o - 4*o. Let a(k) = -2*k + 9. Let i(v) = 5*v - 2*v - 4*v + 4. Let r(x) = -4*a(x) + 9*i(x). Calculate r(g).
-1
Suppose 0 = -4*g + 3 + 37. Suppose 0*r = -2*r - g. Let l(u) = -u - 5. What is l(r)?
0
Let f(v) be the second derivative of -v**5/20 + v**4/6 + v**3/6 - 2*v**2 + 2*v + 7. Give f(3).
-10
Let c be (6/(-9))/(2 - (-44)/(-24)). Let u(p) = 1 + 4*p - p - 9 - 4*p. What is u(c)?
-4
Let h(g) = g - 13. Let z(w) = -w**2 - 7*w - 6. Let o = 3 + -7. Let v be z(o). Give h(v).
-7
Suppose -15 = -4*m + 13. Let d(f) = -7 - 4*f + 0 + m*f. Let v be 4/(-14) - (-148)/28. What is d(v)?
8
Let w(t) = 8*t. Let n(l) = l**3 + 3*l**2 - 5*l - 3. Let u be n(-4). Determine w(u).
8
Let g(f) be the first derivative of f**3/3 + 13*f**2/2 + 14*f + 2. Let q be g(-12). Suppose -q*j - 3 = 3. Let p(k) = -k**3 - 3*k**2 - 2*k + 1. Give p(j).
7
Let p(q) = -q**2 - q - 3. Let k(i) = 10*i**2 + 46 - i**3 - 46. Let v be k(10). Give p(v).
-3
Let x(z) = -z**3 - 3*z**2 - 2*z + 1. Let d be x(-3). Let y = 7 - d. Let o(w) = -w**3 - 1. Let m be o(y). Let h(s) = 4*s. Give h(m).
-4
Let l(f) = -f**3 + f**2 - f - 1. Let o(x) = x + 4. Let s(i) = 7*i - 3. Let k be s(2). Suppose -k = -4*z - 27. Let m be o(z). Calculate l(m).
-1
Let f be (6 - -6)*3/4. Suppose v - f = -4*x, 3*x - v - 3 = x. Suppose -j = -x*j + 3. Let p(s) = -2*s. Calculate p(j).
-6
Let b(q) = -7 + 1 - 4 - 1 + q. Let h(g) = -g + 6. Let s(u) = -6*b(u) - 11*h(u). Calculate s(1).
5
Let x(d) = -d**3 - 6*d**2 + 9*d + 9. Let s be x(-7). Let j be 2/2 + (-10)/s. Let m(f) = f - j*f + 3 + 3*f. Give m(-3).
0
Suppose 6*i - 4*i = 12. Let l(x) be the first derivative of -x**2/2 - x - 1. Calculate l(i).
-7
Let d(n) = 5*n + 1. Let w = -5 + 8. Let y(o) = 0*o + 0*o - 5*o - w - o**2. Let l be y(-4). Calculate d(l).
6
Let t be (-45)/(-90) - 38/4. Let x(c) = -c**3 - 9*c**2 - c - 8. Calculate x(t).
1
Let k(t) = 1 + t**2 - 2*t**2 - 5*t - 1 + 4. What is k(-3)?
10
Let w = 5 + -3. Suppose w = -l - 0*l. Let y(j) = -3*j**2 - 17*j. Let q(b) = b**2 + 6*b. Let c(t) = 11*q(t) + 4*y(t). Give c(l).
0
Let t(c) = -7*c - 4. Let l be t(-4). Let x be l/(-18)*3/(-2). Let b(d) = -d**3 + 1. Determine b(x).
-7
Let k be (-5 - -4)/((-3)/9). Let i(z) = -z**3 + 3*z**2 - z - 2. Determine i(k).
-5
Let j(g) = g - 2. Let m be j(4). Let b = 3 + m. Let k(x) = -x - 1 + 3 + 0. Calculate k(b).
-3
Suppose 0*m + 4*m - 12 = 0. Let a = -4 + m. Let i(h) = -4*h + 1. What is i(a)?
5
Let j(x) = -x**3 - 3*x**2 + 4*x + 5. Let w(c) = -8*c + 60. Let a be w(8). What is j(a)?
5
Let s(d) = 2*d. Let l be s(3). Let j(g) = l + 1 + 2*g - g - 6 + 7*g**3 + g**2. Give j(-1).
-6
Let t be (2*1)/((1 - -4) + -6). Let g(h) = h - 2. Let l(d) = -2*d + 5. Let b(k) = -5*g(k) - 2*l(k). What is b(t)?
2
Let y be -1*(2 - 3)/(-1). Let g = -5 + y. Let x(d)